reatest common divisor of 22 and i.
11
Let r be 1*(-1 - 4)*1512/(-90). What is the greatest common divisor of 2702 and r?
14
Suppose -181*y = -168*y - 195. Suppose 147 = y*o - 93. What is the greatest common factor of 24 and o?
8
Let y = 208 + -206. Suppose 2890 = 12*o - y*o. Calculate the highest common divisor of 17 and o.
17
Let c = 319 - 314. Suppose 0 = -4*w + c*n - 4*n + 197, -5*w = n - 235. Calculate the highest common factor of 16 and w.
16
Suppose 8*z - 2878 = 3994. Let k = 1244 - z. What is the greatest common divisor of 70 and k?
35
Let z = 31313 + -31257. Let s(a) = -3*a - 4. Let r = -2 + -4. Let b be s(r). What is the greatest common factor of z and b?
14
Suppose 178 = o - 2*z, 3*z = -4*o + 3*o + 188. Calculate the greatest common divisor of o and 208.
26
Suppose 8*z + 5650 = 18*z. Let b = z + -321. What is the highest common factor of b and 61?
61
Suppose 2*b - 3*t = 159, 253 - 7 = 3*b - 3*t. Suppose -5*k = -4*g - 137, 3*g + 41 = 3*k - 40. What is the greatest common factor of b and k?
29
Suppose 512*p + 1113 = 513*p + 2*a, -3*p - a + 3359 = 0. What is the greatest common factor of p and 236?
59
Suppose -x = -5*l - 6*x + 520, -3*l + 292 = 8*x. Calculate the greatest common divisor of l and 2187.
27
Let p(h) = 35*h**2 + 582*h - 14. Let a be p(-17). What is the greatest common factor of 315 and a?
9
Suppose -2*w + 42 = 4*d, -5*w + 2*d = -59 + 14. Suppose -27 = -13198*f + 13201*f, 4*f + 124 = o. What is the highest common divisor of o and w?
11
Let n(t) = -t**2 - 15*t - 38. Let l be n(-11). Suppose s - l*s - 215 = 0. Let d = s + 51. What is the greatest common factor of 8 and d?
8
Suppose -7 = h - 0*h + 3*n, -5*n = 5*h - 5. Suppose -7*y + 104 = -h*y. Let m be y/6 - 18/27. What is the highest common factor of 56 and m?
8
Let b be (-3)/(-6)*0 + (-138)/3. Let s = 4 - b. Calculate the greatest common factor of 125 and s.
25
Let j(d) = 22*d**2 + 33*d - 86. Let g be j(10). Calculate the greatest common divisor of 4 and g.
4
Let v(d) = -5*d + 1. Let f be v(-4). Let x = 44 + -36. Suppose x*q - 4*q = 84. Calculate the highest common divisor of f and q.
21
Let r be (65/195)/((-3)/(-135)). What is the highest common factor of r and 120?
15
Let w(y) = y**2 - 9*y + 4. Let q be w(10). Suppose -16*k = -700 - 275 - 257. What is the greatest common factor of q and k?
7
Let n(l) = l**2 - 21*l + 28. Let q be n(19). Let w(k) = -18 - k + 0*k + 41. Let a be w(q). What is the greatest common divisor of 198 and a?
33
Suppose 14*d - 310 = -18 + 184. Calculate the highest common divisor of d and 1343.
17
Suppose 0 = 11*d - 21*d + 2200. Let b(r) = -r + 13. Let c be b(11). Suppose 12*p = c*p + d. Calculate the highest common divisor of p and 154.
22
Suppose 0 = 9*a - 4*a + 1465. Let u = a - -533. Calculate the greatest common factor of u and 32.
16
Let u(g) = 29*g**2 + 434*g + 10. Let d be u(-19). Calculate the highest common factor of 33 and d.
11
Suppose 340 = 580*k - 575*k. What is the greatest common factor of 2584 and k?
68
Let x(s) = -33*s - 5. Let h be x(-3). Let o be (99 - h)*(1 - 18/(-10)). What is the highest common factor of o and 175?
7
Let a = -2015 + 2085. Calculate the greatest common factor of a and 190.
10
Suppose -l = 2*p, -2*p - 6*l = -4*l. Suppose 0 = 5*x - 5*q - 170, -2*x = -p*q - 5*q - 83. What is the greatest common factor of 116 and x?
29
Let c be (76/8 + -8)*66/9. Suppose g - c = -3. Calculate the highest common divisor of g and 512.
8
Let w = -447 - -1387. What is the highest common factor of w and 30?
10
Suppose 2*x + 0*x + 4*c = -8, 10 = -x - 4*c. Suppose h - 32 - 28 = -3*v, 0 = -x*v + 4*h + 40. Calculate the greatest common factor of v and 130.
10
Let o(q) = -6 - 3 + 4*q**2 - 5*q + 15*q - 19*q. Let t be o(-1). What is the highest common factor of t and 3?
1
Let a(z) = z**2 + 221*z - 2462. Let f be a(11). Suppose 5*k + 3*w + 298 = 1459, -4*w + 690 = 3*k. Calculate the greatest common factor of k and f.
18
Let p(i) = 3*i**2 + 36*i + 258. Let c be p(-6). Calculate the greatest common divisor of c and 375.
75
Let z be (-2 + 78/4)*(100/70 - -2). Calculate the greatest common divisor of z and 21540.
60
Suppose -4*q - 2*v + 394 = 0, -5*q - 3*v + 202 + 293 = 0. Let f(b) = 15*b - 228. Let o be f(16). Calculate the highest common factor of q and o.
12
Let j be 50/4*4 + -1. Let y(a) = -a - 9. Let q be y(0). Let r = -2 - q. Calculate the greatest common divisor of r and j.
7
Let s = -9205 - -9270. Calculate the greatest common divisor of s and 40820.
65
Suppose -112*y + 42725 + 80909 = -8078. Calculate the highest common divisor of y and 42.
42
Let j be (-18)/(-45) + 990/25. Let f(a) = -24*a - 46. Let v be f(-4). What is the greatest common factor of v and j?
10
Let b(m) = 717*m + 6516. Let q be b(-6). What is the highest common factor of q and 1640?
82
Let u = 11 + 99. Let s = u + -102. What is the highest common factor of 128 and s?
8
Let n = 8 - 12. Let o be 706/8 - 2 - n/(-16). Let a = o + -64. Calculate the highest common factor of 132 and a.
22
Let n = 44 + -45. Let u(g) = -g - 1. Let i be u(n). Let s(d) = -5*d + 126. Let p be s(i). Calculate the greatest common factor of 9 and p.
9
Let b be 9*(-4)/(-36) + 8 - -567. Calculate the highest common factor of 9 and b.
9
Let g be (((-3150)/7)/10)/(-1). Calculate the greatest common factor of 945 and g.
45
Suppose 0 = 48*v - 37*v - 44. Suppose d = 4, 0*k + v*k = 3*d + 8. Let g be (0 + 4/(-10))*-100. What is the greatest common factor of g and k?
5
Let b be (107/2)/(-5*(-6)/60). Suppose 0 = -3*u - 15, -22 = -3*x - b*u + 109*u. Calculate the highest common divisor of 192 and x.
4
Let p = 43 - 210. Let i = p - -662. What is the highest common divisor of i and 45?
45
Let t(u) = 3*u**3 - u**2 + 2*u - 1. Let w be t(1). Suppose -4*z = w*h - 3732, -3*z + 2490 = 2*h - z. What is the highest common factor of 78 and h?
78
Suppose -28754 - 2206 = -215*y. Calculate the highest common divisor of 900 and y.
36
Let f = 147 + -78. Suppose -4*x = -2*x - 0*x. Let t = x - -46. Calculate the greatest common divisor of t and f.
23
Let q be 3/12 + (-92)/(-48)*15. Suppose q*v = 18*v + 66. What is the greatest common factor of v and 42?
6
Let i(m) = -2*m**2 + 157*m + 4303. Let w be i(100). Suppose -2 = 2*h + 6. Let x = 13 + h. What is the highest common factor of w and x?
3
Suppose 3*a + 4*s - 44 = 0, -a + s + 6 = -2*s. Suppose -5*j - 3*b = 30, -3 = -2*b + 7. Let c = j + 39. What is the highest common divisor of c and a?
6
Suppose -4*j = 3*b - 15 - 11, -b = -2*j - 12. What is the highest common factor of 32 and b?
2
Suppose -4*z + 2350 = z. Let t(o) = -3*o**2 - 104*o + 154. Let n be t(-36). Calculate the highest common factor of n and z.
10
Suppose 58 = n + k, n - 3*k = 56 + 22. Let q = -8 - -11. Let x be (-1)/(-3)*(q + 60). What is the greatest common divisor of n and x?
21
Let z = -628 + 704. Calculate the highest common factor of z and 8.
4
Let l be (-40086)/(-272) - 9/24. Let y = -940 + 1332. Calculate the highest common divisor of l and y.
49
Let h(b) = -3*b**2 + 5*b - 18. Let l be h(3). Let g be 12/15 - 6/l. Let a be g/2*-6*-1. What is the greatest common divisor of a and 15?
3
Suppose 3*w + w = 60. Suppose 1136*v + 475*v + 510933 = 2323308. Calculate the greatest common factor of w and v.
15
Let b = 4517 - 4342. What is the greatest common factor of 280 and b?
35
Suppose 20*a = -2*z + 25*a + 2499, 3 = a. Calculate the highest common divisor of 3 and z.
3
Let o = 824 + -789. Calculate the greatest common factor of o and 238.
7
Suppose -956*t + 1012*t - 37128 = 0. Calculate the highest common factor of 1887 and t.
51
Suppose 0 = 3*g + 3*f - 4998, 5*g - 7172 - 1176 = -2*f. What is the greatest common factor of 176 and g?
88
Suppose 77*m = 69*m + 424. Let y be (-5 + 2)*(0 - 265). What is the greatest common factor of m and y?
53
Suppose -4*v + 47 = 5*x, 5*v + 0*v + 3*x = 75. Calculate the highest common factor of 13374 and v.
18
Let d(t) = t**3 + 22*t - 11. Let h(g) = g + 13. Let z be h(-8). Let n be d(z). Calculate the highest common factor of 14 and n.
14
Let v(t) = 5*t**2 + 5*t + 5. Let l be -8*32/6 - 22/(-33). Let i = l - -40. Let o be v(i). Calculate the highest common divisor of 10 and o.
5
Let n be ((-1)/2)/(7/(-42)). Suppose -4*z - n + 43 = 0. Suppose -v = -4*l + 3*l + 8, -2*v + 54 = 5*l. Calculate the 